i. What is the greatest common factor of 1 and s?
1
Let p be -302*(-19)/(-76)*16/(-2). Calculate the greatest common factor of p and 4.
4
Suppose 6*z - 105 - 879 = 0. Suppose z = 3*t - 199. Let l be 22/1*(-1)/(-2). Calculate the greatest common divisor of t and l.
11
Let g be -2 + -1 + 2 + 10. Let y = -7 + 4. Let x be (-85)/(-10) - (1 + y/2). Calculate the highest common divisor of x and g.
9
Let d = -12 + -7. Let b = -4 - d. Suppose 4*o - b = 5. What is the highest common divisor of o and 25?
5
Let b(x) = -5*x**2 + 6*x - 17. Let k(c) = -9*c**2 + 13*c - 35. Let s(m) = -7*b(m) + 4*k(m). Let j be s(6). Calculate the greatest common factor of j and 27.
3
Let q(v) = -5*v. Let x(g) = -4*g. Let h(f) = 5*q(f) - 6*x(f). Let u be h(0). Suppose u*t - 12 = -3*t. Calculate the greatest common factor of 28 and t.
4
Let s = 419 - 111. Suppose -2*y + 74 - 18 = 0. Calculate the highest common divisor of y and s.
28
Let n(i) = i**2 + 16*i - 11. Let u be n(13). Suppose 5*c - 772 = -4*t, 2*t - 96 = -3*c + u. What is the highest common factor of 38 and c?
38
Let c = -77 + 79. Let f = 13 - 8. Suppose c*g - 3 = f. What is the highest common divisor of 36 and g?
4
Let k = 365 + -226. Suppose -49 + k = 3*j. Calculate the highest common divisor of 30 and j.
30
Suppose -3*v + 164 = -2*z, 5*v - 165 = 2*v + 3*z. Suppose -29*m = -24*m - 90. Calculate the greatest common divisor of v and m.
18
Suppose -3*w + 21 = -6. Let s be 9/(-6)*(-96)/w. Let a be 4/s - (-1341)/12. Calculate the highest common divisor of a and 14.
14
Let x = -31 - -46. Suppose 11*g = 5*h + 14*g - 291, 3*h - 4*g - 192 = 0. Calculate the greatest common divisor of x and h.
15
Suppose -3*z + 82 = 1. Let n(r) = 2*r**2 - 9*r - 86. Let f be n(13). What is the highest common divisor of f and z?
27
Suppose -6*v = 35 + 55. Let w be 1*(1 - 3 - v). Let i(o) = 2*o - 8. Let j be i(w). What is the highest common factor of j and 12?
6
Suppose -p - 4*h + 3*h + 8 = 0, -p + 16 = 5*h. Let i(b) = -b**2 + 9*b. Let w be i(p). What is the greatest common divisor of 162 and w?
18
Let c = 21 - 11. Suppose 4*p = 2 + c. What is the greatest common divisor of p and 33?
3
Let x(l) = l**2 + 6*l - 5. Let d be x(-10). Let p = -29 + d. What is the highest common factor of 66 and p?
6
Suppose 2*q - 166 = 72. Calculate the highest common factor of q and 595.
119
Suppose -2*a - y = 2, -2*a + 6*y = 2*y + 22. Let v(s) = -15*s - 5. Let p be v(a). Calculate the greatest common factor of p and 32.
8
Suppose -2*j + 280 = 5*g, 34*j = -g + 29*j + 56. What is the highest common factor of g and 28?
28
Let v = 108 - 208. Let d = v + 220. Calculate the highest common factor of 24 and d.
24
Let p be (2 - 10/4)*-2. Let t(q) = -q**2 + 6*q + 5. Let f be t(5). Suppose -f*g + 5*g + 35 = 0. What is the highest common divisor of p and g?
1
Let y be (-3 - -5)/(-1) + 21. Let j = -814 + 985. What is the greatest common divisor of j and y?
19
Suppose -191 - 34 = 5*p. Let a = 51 - p. Calculate the highest common factor of 144 and a.
48
Let h(o) = -o**2 - 7*o + 68. Let z be h(-10). Let r be 5*1/2*2. Suppose -25 = -s + 2*t - 0*t, -5*s = -r*t - 110. Calculate the highest common factor of s and z.
19
Let l be ((-2)/6)/(2/(-6)). Suppose 0 = -15*n + 6*n + 90. Let c = n - l. Calculate the highest common factor of c and 36.
9
Let m = 5 - 0. Suppose 5*n + 20 = 0, -v - m*n - 10 = 4. Let j be (-217)/(-21) - 2/v. Calculate the highest common divisor of 10 and j.
10
Let b = 2 - -14. Suppose -2*s = -7*s + 80. What is the highest common factor of s and b?
16
Let z be 2/6 + -9 + 1932/36. Let b be (-1 - (-23)/3)*3/2. What is the greatest common factor of z and b?
5
Let f(n) = n**3 + 26*n**2 + 50*n + 54. Let k be f(-24). What is the greatest common factor of k and 84?
6
Let z(s) = 2*s**2 - 52*s + 12. Let l be z(27). Let p(w) = 10*w + 2. Let c be p(2). Calculate the greatest common divisor of l and c.
22
Let l = 16 - 20. Let g be (-43)/l - (1 - (-10)/(-8)). What is the greatest common divisor of g and 99?
11
Suppose 5*q + 9*q + 560 = 0. Let l = -33 - q. What is the greatest common divisor of 63 and l?
7
Suppose -154 - 176 = -11*q. Suppose 35*v = q*v + 65. What is the highest common factor of v and 143?
13
Let k(g) = -5*g + 7. Let h(b) = -5*b + 8. Let n(y) = 5*h(y) - 4*k(y). Let v be n(-8). Let o = v + -33. Calculate the greatest common divisor of 152 and o.
19
Suppose -189*u = -172*u - 51. Calculate the highest common divisor of u and 37.
1
Let w(a) = -12*a + 5. Let i be w(-2). Let q = 31 - i. Let g(j) = j**2 + 3*j + 2. Let v be g(q). Calculate the highest common divisor of 96 and v.
12
Let v(r) = -r + 8. Suppose q - 4*y - 2 = 4*q, y = 4*q - 29. Let l be v(q). Let o be l/(-7) + 632/7. What is the greatest common divisor of o and 10?
10
Let b(l) = 30*l**2 + 3*l + 3. Suppose -9 = -4*u - 3*c - 4, -5*c + 17 = -2*u. Let o be b(u). What is the highest common divisor of 135 and o?
15
Suppose -2*c + 0*c - 24 = 0. Let f be 9/c - (-76)/16. Calculate the highest common divisor of f and 36.
4
Suppose -765 = -8*o + 131. Suppose -3*p - 4*p = -98. Calculate the greatest common factor of o and p.
14
Let a be (0 + -5)*(-7 + 0). Let z(u) = u**3 + u**2 + u + 105. Let g be z(0). What is the greatest common factor of g and a?
35
Suppose -9*d = -26*d + 3366. Calculate the highest common divisor of d and 44.
22
Let k be (8/6)/(1/(-3)). Let r be (0 - 6/k)*2. Suppose 0 = -4*j - 2*j + 12. Calculate the highest common factor of r and j.
1
Suppose -f - 2*j - 57 = -54, -2*f - 5*j - 8 = 0. Calculate the greatest common divisor of f and 1.
1
Let s be (-56)/(-16)*(-572)/(-14). What is the highest common divisor of s and 130?
13
Suppose 10*c + 7 + 33 = 0. Let r be c - (-68 + 0 + 4). Calculate the greatest common divisor of 12 and r.
12
Let k be 24/16*(22 - 4). What is the greatest common divisor of k and 513?
27
Suppose 3*v + f - 170 = 0, -5*f + 0 = -10. Let u be (-96)/(-7) - 2/(-7). What is the highest common factor of u and v?
14
Let r = -823 + 833. What is the highest common divisor of r and 2?
2
Let d = -260 - -269. Calculate the highest common factor of 477 and d.
9
Suppose -281 = -3*d - 2*o - 105, -2*d - 5*o = -132. Suppose 5*q + 142 = z, q + 7 - 9 = 0. Let u = -12 + z. Calculate the greatest common divisor of d and u.
28
Let m(t) = -t**3 + 2*t**2 - 4*t + 7. Let h be m(6). Let i = -89 - h. Let l = 176 - 167. Calculate the highest common divisor of l and i.
9
Let s be 215/4 - (-1)/4. Let i = -2164 + 2245. Calculate the greatest common factor of s and i.
27
Let o(m) = -m**3 + 8*m**2 - 28. Let u be o(7). What is the greatest common factor of 9 and u?
3
Let y = -71 - -79. Suppose -y*q + 175 = -337. Calculate the greatest common divisor of q and 16.
16
Let h(o) = -27*o - 100. Let x be h(-12). Calculate the greatest common factor of 168 and x.
56
Let n = 2986 + -2954. Calculate the greatest common factor of 96 and n.
32
Let g be 108/(-14)*(4 + 1 - 12). What is the greatest common factor of g and 3?
3
Let d(x) = -x**2 + 28*x - 21. Let t be d(9). Let b be (t/(-21))/(1/(-7)). What is the highest common divisor of b and 75?
25
Let w = -21 + 13. Let m(h) = h + 9. Let g be m(w). What is the highest common factor of 8 and g?
1
Suppose -9 = -3*n + 6. Suppose z + g - 10 - 1 = 0, 2*z = n*g + 1. What is the greatest common factor of z and 20?
4
Let j be (-7)/(35/(-15)) + 3 + -5. What is the highest common divisor of j and 27?
1
Suppose 0 = -26*h + 20*h + 801 + 1215. Let p(s) = 13*s**2 - 2*s. Let o be p(2). Calculate the highest common divisor of h and o.
48
Suppose -4*l + 4*r + 0*r = -2352, 2350 = 4*l - 5*r. What is the highest common divisor of l and 10?
10
Let j = 10 + -8. Suppose 2*k = j*d + 2, 3*d - 2*k = -d - 4. Let s be (32 - 4) + 0/d. What is the highest common factor of 140 and s?
28
Suppose -9 = -2*n + m - 4, -3*m - 10 = -n. What is the highest common factor of 16 and n?
1
Let w = 23 - 18. Suppose -15 = -3*p, 5*a = -0*a + w*p + 665. Let n = a + -82. What is the greatest common factor of 14 and n?
14
Let q = 453 + -356. What is the highest common divisor of q and 2231?
97
Let z(q) = 38*q - 1792. Let n be z(52). Suppose 5*l + 0*l - 230 = 0. Calculate the highest common factor of n and l.
46
Let u = -41 + 97. What is the greatest common divisor of 8 and u?
8
Suppose 79 = -5*y + 5*b - 31, -4*y - b = 88. Let q = y -